{"id":1235,"date":"2022-09-29T15:18:43","date_gmt":"2022-09-29T13:18:43","guid":{"rendered":"https:\/\/testsystem.meisel-webdesign.de\/didae\/?page_id=1235"},"modified":"2022-10-21T15:26:41","modified_gmt":"2022-10-21T13:26:41","slug":"tools","status":"publish","type":"page","link":"https:\/\/testsystem.meisel-webdesign.de\/didae\/hu\/tools\/","title":{"rendered":"Tools"},"content":{"rendered":"<p>N\u00e9ha csak egy j\u00f3, digit\u00e1lis eszk\u00f6z (TOOL) hi\u00e1nyzik egy \u00f3rai gyakorlat megval\u00f3s\u00edt\u00e1s\u00e1hoz. Minden iskolai k\u00f6r\u00fclm\u00e9ny egyedi, de rem\u00e9lj\u00fck, az itt list\u00e1zott, m\u00e1s oktat\u00f3k \u00e1ltal haszn\u00e1lt eszk\u00f6z\u00f6k k\u00f6z\u00fcl tal\u00e1lsz olyat, ami sz\u00e1modra is hasznos lesz!<\/p>\n","protected":false},"excerpt":{"rendered":"<p>N\u00e9ha csak egy j\u00f3, digit\u00e1lis eszk\u00f6z (TOOL) hi\u00e1nyzik egy \u00f3rai gyakorlat megval\u00f3s\u00edt\u00e1s\u00e1hoz. Minden iskolai k\u00f6r\u00fclm\u00e9ny egyedi, de rem\u00e9lj\u00fck, az itt list\u00e1zott, m\u00e1s oktat\u00f3k \u00e1ltal haszn\u00e1lt eszk\u00f6z\u00f6k k\u00f6z\u00fcl tal\u00e1lsz olyat, ami sz\u00e1modra is hasznos lesz!<\/p>\n","protected":false},"author":3,"featured_media":0,"parent":0,"menu_order":9,"comment_status":"closed","ping_status":"closed","template":"","meta":{"_acf_changed":false,"footnotes":""},"class_list":["post-1235","page","type-page","status-publish","hentry"],"acf":[],"lang":"hu","translations":{"hu":1235,"de":802,"en":227,"nl":1237},"pll_sync_post":[],"_links":{"self":[{"href":"https:\/\/testsystem.meisel-webdesign.de\/didae\/wp-json\/wp\/v2\/pages\/1235","targetHints":{"allow":["GET"]}}],"collection":[{"href":"https:\/\/testsystem.meisel-webdesign.de\/didae\/wp-json\/wp\/v2\/pages"}],"about":[{"href":"https:\/\/testsystem.meisel-webdesign.de\/didae\/wp-json\/wp\/v2\/types\/page"}],"author":[{"embeddable":true,"href":"https:\/\/testsystem.meisel-webdesign.de\/didae\/wp-json\/wp\/v2\/users\/3"}],"replies":[{"embeddable":true,"href":"https:\/\/testsystem.meisel-webdesign.de\/didae\/wp-json\/wp\/v2\/comments?post=1235"}],"version-history":[{"count":5,"href":"https:\/\/testsystem.meisel-webdesign.de\/didae\/wp-json\/wp\/v2\/pages\/1235\/revisions"}],"predecessor-version":[{"id":1893,"href":"https:\/\/testsystem.meisel-webdesign.de\/didae\/wp-json\/wp\/v2\/pages\/1235\/revisions\/1893"}],"wp:attachment":[{"href":"https:\/\/testsystem.meisel-webdesign.de\/didae\/wp-json\/wp\/v2\/media?parent=1235"}],"curies":[{"name":"wp","href":"https:\/\/api.w.org\/{rel}","templated":true}]}}