{"id":2520,"date":"2021-04-22T08:53:40","date_gmt":"2021-04-22T06:53:40","guid":{"rendered":"https:\/\/testsystem.meisel-webdesign.de\/athleten\/cookie-richtlinie-eu\/"},"modified":"2021-06-30T12:47:36","modified_gmt":"2021-06-30T10:47:36","slug":"cookie-policy","status":"publish","type":"page","link":"https:\/\/testsystem.meisel-webdesign.de\/athleten-sandbox\/cookie-policy\/","title":{"rendered":"Cookie-Policy"},"content":{"rendered":"<h2>1. Einf\u00fchrung<\/h2>\n<p>Unsere Website, <a href=\"https:\/\/testsystem.meisel-webdesign.de\/athleten-sandbox\">https:\/\/testsystem.meisel-webdesign.de\/athleten-sandbox<\/a> (im folgenden: &#8220;Die Website&#8221;) verwendet Cookies und \u00e4hnliche Technologien (der Einfachheit halber werden all diese unter &#8220;Cookies&#8221; zusammengefasst). Cookies werden au\u00dferdem von uns beauftragten Drittparteien platziert. In dem unten stehendem Dokument informieren wir dich \u00fcber die Verwendung von Cookies auf unserer Website.<\/p>\n<h2>2. Was sind Cookies<\/h2>\n<p>Ein Cookie ist eine einfache kleine Datei, die gemeinsam mit den Seiten einer Internetadresse versendet und vom Webbrowser auf dem PC oder einem anderen Ger\u00e4t gespeichert werden kann. Die darin gespeicherten Informationen k\u00f6nnen w\u00e4hrend folgender Besuche zu unseren oder den Servern relevanter Drittanbieter gesendet werden.<\/p>\n<h2>3. Cookies<\/h2>\n<p class=\"cmplz-subtitle\">3.1 Technische oder funktionelle Cookies<\/p>\n<p>Einige Cookies stellen sicher, dass Teile unserer Website richtig funktionieren und deine Nutzervorlieben bekannt bleiben. Durch das Platzieren funktionaler Cookies machen wir es dir einfacher unsere Website zu besuchen. Auf diese Weise musst du bei Besuchen unserer Website nicht wiederholt die gleichen Informationen eingeben, oder deine Gegenst\u00e4nde bleiben beispielsweise in deinem Warenkorb bis du bezahlst. Wir k\u00f6nnen diese Cookies ohne dein Einverst\u00e4ndnis platzieren.<\/p>\n<p class=\"cmplz-subtitle\">3.2 Marketing- \/ Tracking-Cookies<\/p>\n<p>Marketing- \/ Tracking-Cookies sind Cookies oder eine andere Form der lokalen Speicherung, die zur Erstellung von Benutzerprofilen verwendet werden, um Werbung anzuzeigen oder den Benutzer auf dieser Website oder \u00fcber mehrere Websites hinweg f\u00fcr \u00e4hnliche Marketingzwecke zu verfolgen.<\/p>\n<p class=\"cmplz-subtitle\">3.3 Statistik-Cookies<\/p>\n<p>Statistik-Cookies werden gesetzt, um das Website-Erlebnis f\u00fcr die Nutzer zu optimieren. Mit Statistik-Cookies erhalten die Webseitenanbieter Einblick in die Nutzung ihrer Website.<\/p>\n<h2>4. Platzierte Cookies<\/h2>\n<p><strong>Wir verwenden lediglich funktionelle Cookies zum Betrieb unserer Webseite.<\/strong> Es werden keine Benutzerprofile erstellt und keine statistischen Daten erhoben. Daher verzichten wir auf ein Cookie-Opt-In-Banner, da die Platzierung technisch notwendiger Cookies von der ausdr\u00fccklichen Einwilligung ausgenommen ist.<\/p>\n<h2>5. Aktivierung\/Deaktivierung und L\u00f6schen von Cookies<\/h2>\n<p>Du kannst deinen Internetbrowser verwenden, um automatisch oder manuell Cookies zu l\u00f6schen. Du kannst au\u00dferdem spezifizieren ob spezielle Cookies nicht platziert werden sollen. Eine andere M\u00f6glichkeit ist es deinen Internetbrowser derart einzurichten, dass du jedes Mal benachrichtigt wirst, wenn ein Cookie platziert wird. F\u00fcr weitere Information \u00fcber diese M\u00f6glichkeiten beachte die Anweisungen in der Hilfesektion deines Browsers.<\/p>\n<p>Bitte nimm zur Kentniss, dass unsere Website m\u00f6glicherweise nicht richtig funktioniert wenn alle Cookies deaktiviert sind. Wenn du die Cookies in deinem Browser l\u00f6scht, werden diese neuplatziert wenn du unsere Website erneut besuchst.<\/p>\n<h2>6. Kontaktdaten<\/h2>\n<p>F\u00fcr Fragen und\/oder Kommentare \u00fcber unsere Cookie-Policy und diese Aussage kontaktiere uns bitte mittels der folgenden Kontaktdaten:<\/p>\n<p>Athleten Deutschland e.V.<br \/>\nFriedbergstr. 19<br \/>\n14057 Berlin<br \/>\nDeutschland<br \/>\nWebsite: <a href=\"https:\/\/testsystem.meisel-webdesign.de\/athleten-sandbox\">https:\/\/testsystem.meisel-webdesign.de\/athleten-sandbox<\/a><br \/>\nE-Mail: <a href=\"mailto:info@athleten-deutschland.org\">info@athleten-deutschland.org<\/a><\/p>\n","protected":false},"excerpt":{"rendered":"<p>1. Einf\u00fchrung Unsere Website, https:\/\/testsystem.meisel-webdesign.de\/athleten-sandbox (im folgenden: &#8220;Die Website&#8221;) verwendet Cookies und \u00e4hnliche Technologien (der Einfachheit halber werden all diese unter &#8220;Cookies&#8221; zusammengefasst). Cookies werden au\u00dferdem von uns beauftragten Drittparteien platziert. In dem unten stehendem Dokument informieren wir dich \u00fcber die Verwendung von Cookies auf unserer Website. 2. Was sind Cookies Ein Cookie ist eine [&hellip;]<\/p>\n","protected":false},"author":1,"featured_media":0,"parent":0,"menu_order":26,"comment_status":"closed","ping_status":"closed","template":"","meta":{"_acf_changed":false,"footnotes":""},"faq_kategorie":[],"class_list":["post-2520","page","type-page","status-publish","hentry"],"acf":[],"_links":{"self":[{"href":"https:\/\/testsystem.meisel-webdesign.de\/athleten-sandbox\/wp-json\/wp\/v2\/pages\/2520"}],"collection":[{"href":"https:\/\/testsystem.meisel-webdesign.de\/athleten-sandbox\/wp-json\/wp\/v2\/pages"}],"about":[{"href":"https:\/\/testsystem.meisel-webdesign.de\/athleten-sandbox\/wp-json\/wp\/v2\/types\/page"}],"author":[{"embeddable":true,"href":"https:\/\/testsystem.meisel-webdesign.de\/athleten-sandbox\/wp-json\/wp\/v2\/users\/1"}],"replies":[{"embeddable":true,"href":"https:\/\/testsystem.meisel-webdesign.de\/athleten-sandbox\/wp-json\/wp\/v2\/comments?post=2520"}],"version-history":[{"count":4,"href":"https:\/\/testsystem.meisel-webdesign.de\/athleten-sandbox\/wp-json\/wp\/v2\/pages\/2520\/revisions"}],"predecessor-version":[{"id":3151,"href":"https:\/\/testsystem.meisel-webdesign.de\/athleten-sandbox\/wp-json\/wp\/v2\/pages\/2520\/revisions\/3151"}],"wp:attachment":[{"href":"https:\/\/testsystem.meisel-webdesign.de\/athleten-sandbox\/wp-json\/wp\/v2\/media?parent=2520"}],"wp:term":[{"taxonomy":"faq_kategorie","embeddable":true,"href":"https:\/\/testsystem.meisel-webdesign.de\/athleten-sandbox\/wp-json\/wp\/v2\/faq_kategorie?post=2520"}],"curies":[{"name":"wp","href":"https:\/\/api.w.org\/{rel}","templated":true}]}}